remainder when 4417 is divided by 132?
61
Calculate the remainder when 3595 is divided by 256.
11
Calculate the remainder when 434 is divided by 139.
17
Calculate the remainder when 165583 is divided by 19.
17
Calculate the remainder when 1938 is divided by 953.
32
Calculate the remainder when 145450 is divided by 12.
10
What is the remainder when 26024 is divided by 12916?
192
What is the remainder when 2824 is divided by 1409?
6
What is the remainder when 8388 is divided by 1637?
203
Calculate the remainder when 48849 is divided by 45.
24
Calculate the remainder when 18136 is divided by 2015.
1
What is the remainder when 2066 is divided by 1028?
10
Calculate the remainder when 395576 is divided by 38.
34
Calculate the remainder when 259533 is divided by 502.
501
What is the remainder when 1585 is divided by 789?
7
What is the remainder when 525856 is divided by 28?
16
What is the remainder when 83560 is divided by 187?
158
Calculate the remainder when 11879 is divided by 64.
39
What is the remainder when 11634 is divided by 486?
456
What is the remainder when 1127 is divided by 68?
39
Calculate the remainder when 69562 is divided by 4636.
22
What is the remainder when 224072 is divided by 1023?
35
What is the remainder when 843386 is divided by 421684?
18
Calculate the remainder when 22128 is divided by 372.
180
Calculate the remainder when 18029 is divided by 305.
34
What is the remainder when 78955 is divided by 6578?
19
What is the remainder when 76754 is divided by 38367?
20
Calculate the remainder when 1502 is divided by 52.
46
What is the remainder when 8294 is divided by 61?
59
Calculate the remainder when 42750 is divided by 2375.
0
What is the remainder when 48950 is divided by 26?
18
What is the remainder when 94192 is divided by 232?
0
Calculate the remainder when 11245 is divided by 228.
73
Calculate the remainder when 43976 is divided by 14628.
92
What is the remainder when 14059 is divided by 3492?
91
What is the remainder when 385 is divided by 138?
109
What is the remainder when 66700 is divided by 116?
0
What is the remainder when 81929 is divided by 535?
74
What is the remainder when 2570 is divided by 19?
5
Calculate the remainder when 2628439 is divided by 1538.
1535
What is the remainder when 6876 is divided by 31?
25
What is the remainder when 75600 is divided by 560?
0
What is the remainder when 84660 is divided by 84652?
8
Calculate the remainder when 27119 is divided by 2711.
9
What is the remainder when 33839 is divided by 360?
359
Calculate the remainder when 2458 is divided by 611.
14
Calculate the remainder when 106975 is divided by 298.
291
What is the remainder when 6298 is divided by 123?
25
Calculate the remainder when 98323 is divided by 1536.
19
Calculate the remainder when 2333 is divided by 329.
30
What is the remainder when 727143 is divided by 406?
403
Calculate the remainder when 6907 is divided by 2213.
268
Calculate the remainder when 5506 is divided by 194.
74
Calculate the remainder when 18130 is divided by 318.
4
What is the remainder when 777 is divided by 191?
13
Calculate the remainder when 146123 is divided by 1249.
1239
Calculate the remainder when 6712 is divided by 839.
0
Calculate the remainder when 50569 is divided by 4210.
49
Calculate the remainder when 1229784 is divided by 13.
10
What is the remainder when 35196 is divided by 20?
16
Calculate the remainder when 177297 is divided by 17728.
17
Calculate the remainder when 1564 is divided by 52.
4
What is the remainder when 425 is divided by 52?
9
Calculate the remainder when 943188 is divided by 20.
8
Calculate the remainder when 6580 is divided by 6526.
54
Calculate the remainder when 6571 is divided by 153.
145
What is the remainder when 223485 is divided by 63?
24
What is the remainder when 34066 is divided by 3074?
252
Calculate the remainder when 221767 is divided by 31676.
35
Calculate the remainder when 78386 is divided by 49.
35
What is the remainder when 2495 is divided by 371?
269
Calculate the remainder when 86019 is divided by 384.
3
Calculate the remainder when 3873 is divided by 650.
623
What is the remainder when 90400 is divided by 105?
100
Calculate the remainder when 74506 is divided by 37.
25
What is the remainder when 142 is divided by 135?
7
Calculate the remainder when 1321 is divided by 39.
34
What is the remainder when 1044 is divided by 316?
96
What is the remainder when 89828 is divided by 76?
72
What is the remainder when 487619 is divided by 20?
19
Calculate the remainder when 55754 is divided by 27851.
52
What is the remainder when 133260 is divided by 51?
48
What is the remainder when 85027 is divided by 10?
7
What is the remainder when 1598464 is divided by 11583?
10
Calculate the remainder when 113759 is divided by 360.
359
What is the remainder when 3747 is divided by 1043?
618
What is the remainder when 913 is divided by 873?
40
Calculate the remainder when 28850 is divided by 14420.
10
Calculate the remainder when 180010 is divided by 13.
12
Calculate the remainder when 6412 is divided by 267.
4
What is the remainder when 307493 is divided by 11?
10
What is the remainder when 50248 is divided by 1246?
408
What is the remainder when 121555 is divided by 40426?
277
Calculate the remainder when 36547 is divided by 106.
83
What is the remainder when 608 is divided by 275?
58
What is the remainder when 165540 is divided by 82766?
8
Calculate the remainder when 126695 is divided by 157.
153
Calculate the remainder when 104028 is divided by 206.
204
Calculate the remainder when 4904 is divided by 658.
298
Calculate the remainder when 25196 is divided by 1574.
12
What is the remainder when 32666 is divided by 6514?
96
What is the remainder when 4948 is divided by 6?
4
Calculate the remainder when 307938 is divided by 121.
114
Calculate the remainder when 30257 is divided by 2204.
1605
What is the remainder when 68579 is divided by 47?
6
What is the remainder when 10669 is divided by 237?
4
Calculate the remainder when 29484 is divided by 17.
6
What is the remainder when 7327 is divided by 355?
227
Calculate the remainder when 953 is divided by 38.
3
Calculate the remainder when 31337 is divided by 152.
25
Calculate the remainder when 303 is divided by 167.
136
Calculate the remainder when 64466 is divided by 242.
94
Calculate the remainder when 24246 is divided by 99.
90
What is the remainder when 19539 is divided by 2440?
19
Calculate the remainder when 5121 is divided by 217.
130
Calculate the remainder when 21815 is divided by 3.
2
What is the remainder when 587978 is divided by 293987?
4
Calculate the remainder when 2731 is divided by 1096.
539
What is the remainder when 898400 is divided by 67?
64
What is the remainder when 312104 is divided by 12?
8
Calculate the remainder when 3810 is divided by 22.
4
What is the remainder when 782 is divided by 533?
249
Calculate the remainder when 754212 is divided by 251400.
12
What is the remainder when 24772 is divided by 12270?
232
What is the remainder when 11295 is divided by 353?
352
What is the remainder when 535892 is divided by 24?
20
Calculate the remainder when 16944 is divided by 297.
15
What is the remainder when 16114 is divided by 70?
14
Calculate the remainder when 5802 is divided by 66.
60
Calculate the remainder when 22616 is divided by 137.
11
Calculate the remainder when 2205 is divided by 847.
511
Calculate the remainder when 2508037 is divided by 836006.
19
What is the remainder when 45272 is divided by 5659?
0
Calculate the remainder when 141957 is divided by 210.
207
Calculate the remainder when 114623 is divided by 16368.
47
What is the remainder when 76068 is divided by 39?
18
Calculate the remainder when 27278 is divided by 270.
8
What is the remainder when 378349 is divided by 104?
101
What is the remainder when 503392 is divided by 14382?
22
What is the remainder when 4070 is divided by 4068?
2
What is the remainder when 14962 is divided by 14?
10
Calculate the remainder when 64727 is divided by 2300.
327
Calculate the remainder when 4545 is divided by 68.
57
What is the remainder when 4170 is divided by 2076?
18
What is the remainder when 17334 is divided by 17326?
8
What is the remainder when 21964 is divided by 132?
52
What is the